emainder when 556 is divided by 269.
18
Calculate the remainder when 243 is divided by 13.
9
Calculate the remainder when 163 is divided by 2.
1
What is the remainder when 44 is divided by 39?
5
What is the remainder when 4737 is divided by 263?
3
Calculate the remainder when 485 is divided by 27.
26
Calculate the remainder when 195 is divided by 8.
3
Calculate the remainder when 229 is divided by 80.
69
What is the remainder when 176 is divided by 12?
8
Calculate the remainder when 112 is divided by 12.
4
What is the remainder when 4580 is divided by 1523?
11
Calculate the remainder when 260 is divided by 72.
44
Calculate the remainder when 981 is divided by 450.
81
Calculate the remainder when 441 is divided by 32.
25
What is the remainder when 354 is divided by 21?
18
What is the remainder when 1850 is divided by 46?
10
Calculate the remainder when 5761 is divided by 148.
137
Calculate the remainder when 11309 is divided by 26.
25
What is the remainder when 48 is divided by 4?
0
What is the remainder when 453 is divided by 115?
108
What is the remainder when 115 is divided by 4?
3
What is the remainder when 2312 is divided by 755?
47
Calculate the remainder when 511 is divided by 17.
1
Calculate the remainder when 2352 is divided by 783.
3
What is the remainder when 202 is divided by 52?
46
Calculate the remainder when 7137 is divided by 70.
67
Calculate the remainder when 1893 is divided by 18.
3
What is the remainder when 585 is divided by 42?
39
Calculate the remainder when 107 is divided by 33.
8
Calculate the remainder when 217 is divided by 57.
46
What is the remainder when 166 is divided by 17?
13
Calculate the remainder when 15 is divided by 12.
3
Calculate the remainder when 1343 is divided by 169.
160
What is the remainder when 285 is divided by 25?
10
Calculate the remainder when 109 is divided by 59.
50
What is the remainder when 144 is divided by 25?
19
Calculate the remainder when 193 is divided by 54.
31
Calculate the remainder when 670 is divided by 34.
24
Calculate the remainder when 69 is divided by 24.
21
What is the remainder when 689 is divided by 77?
73
What is the remainder when 44 is divided by 40?
4
What is the remainder when 2116 is divided by 48?
4
Calculate the remainder when 206 is divided by 69.
68
Calculate the remainder when 73 is divided by 25.
23
What is the remainder when 4886 is divided by 94?
92
Calculate the remainder when 1361 is divided by 101.
48
Calculate the remainder when 377 is divided by 95.
92
What is the remainder when 204 is divided by 97?
10
Calculate the remainder when 36 is divided by 3.
0
Calculate the remainder when 529 is divided by 86.
13
What is the remainder when 43 is divided by 18?
7
Calculate the remainder when 38 is divided by 28.
10
Calculate the remainder when 30433 is divided by 38.
33
What is the remainder when 529 is divided by 28?
25
What is the remainder when 77 is divided by 20?
17
Calculate the remainder when 306 is divided by 3.
0
What is the remainder when 61 is divided by 9?
7
Calculate the remainder when 1130 is divided by 126.
122
Calculate the remainder when 8597 is divided by 47.
43
What is the remainder when 1146 is divided by 126?
12
Calculate the remainder when 404 is divided by 27.
26
Calculate the remainder when 1563 is divided by 49.
44
Calculate the remainder when 3071 is divided by 123.
119
Calculate the remainder when 49 is divided by 22.
5
What is the remainder when 2225 is divided by 124?
117
What is the remainder when 974 is divided by 160?
14
What is the remainder when 241 is divided by 19?
13
Calculate the remainder when 204 is divided by 8.
4
Calculate the remainder when 68 is divided by 36.
32
What is the remainder when 334 is divided by 28?
26
What is the remainder when 564 is divided by 81?
78
Calculate the remainder when 242 is divided by 42.
32
What is the remainder when 2451 is divided by 3?
0
Calculate the remainder when 96 is divided by 29.
9
What is the remainder when 6185 is divided by 129?
122
Calculate the remainder when 259 is divided by 67.
58
What is the remainder when 87 is divided by 22?
21
Calculate the remainder when 212 is divided by 93.
26
Calculate the remainder when 1267 is divided by 58.
49
Calculate the remainder when 694 is divided by 100.
94
Calculate the remainder when 995 is divided by 313.
56
What is the remainder when 33 is divided by 22?
11
What is the remainder when 2394 is divided by 17?
14
What is the remainder when 28 is divided by 10?
8
Calculate the remainder when 608 is divided by 50.
8
What is the remainder when 16 is divided by 12?
4
What is the remainder when 625 is divided by 14?
9
What is the remainder when 196 is divided by 61?
13
Calculate the remainder when 5506 is divided by 51.
49
What is the remainder when 46 is divided by 17?
12
Calculate the remainder when 298 is divided by 145.
8
Calculate the remainder when 653 is divided by 41.
38
What is the remainder when 404 is divided by 79?
9
What is the remainder when 91 is divided by 67?
24
Calculate the remainder when 7957 is divided by 40.
37
What is the remainder when 149 is divided by 42?
23
What is the remainder when 646 is divided by 222?
202
What is the remainder when 365 is divided by 171?
23
What is the remainder when 265 is divided by 98?
69
Calculate the remainder when 2142 is divided by 1066.
10
What is the remainder when 31918 is divided by 12?
10
What is the remainder when 454 is divided by 27?
22
What is the remainder when 3234 is divided by 131?
90
Calculate the remainder when 1580 is divided by 26.
20
Calculate the remainder when 2174 is divided by 25.
24
Calculate the remainder when 750 is divided by 393.
357
What is the remainder when 124 is divided by 13?
7
Calculate the remainder when 32183 is divided by 108.
107
What is the remainder when 259 is divided by 130?
129
Calculate the remainder when 498 is divided by 132.
102
Calculate the remainder when 729 is divided by 43.
41
What is the remainder when 494 is divided by 3?
2
What is the remainder when 107 is divided by 36?
35
What is the remainder when 9159 is divided by 229?
228
Calculate the remainder when 1925 is divided by 631.
32
What is the remainder when 99 is divided by 23?
7
Calculate the remainder when 4559 is divided by 16.
15
What is the remainder when 274 is divided by 8?
2
Calculate the remainder when 8485 is divided by 207.
205
Calculate the remainder when 2821 is divided by 236.
225
What is the remainder when 1667 is divided by 20?
7
Calculate the remainder when 252 is divided by 16.
12
What is the remainder when 764 is divided by 10?
4
Calculate the remainder when 804 is divided by 31.
29
Calculate the remainder when 455 is divided by 52.
39
What is the remainder when 624 is divided by 42?
36
What is the remainder when 216 is divided by 120?
96
What is the remainder when 376 is divided by 96?
88
Calculate the remainder when 608 is divided by 10.
8
What is the remainder when 717 is divided by 229?
30
Calculate the remainder when 1023 is divided by 19.
16
Calculate the remainder when 59 is divided by 10.
9
Calculate the remainder when 537 is divided by 37.
19
What is the remainder when 388 is divided by 49?
45
Calculate the remainder when 398 is divided by 90.
38
Calculate the remainder when 322 is divided by 6.
4
Calculate the remainder when 165 is divided by 21.
18
What is the remainder when 324 is divided by 65?
64
What is the remainder when 951 is divided by 18?
15
Calculate the remainder when 493 is divided by 24.
13
Calculate the remainder when 442 is divided by 102.
34
Calculate the remainder when 787 is divided by 113.
109
Calculate the remainder when 1216 is divided by 303.
4
What is the remainder when 107 is divided by 4?
3
Calculate the remainder when 114 is divided by 27.
6
What is the remainder when 392 is divided by 57?
50
What is the remainder when 1135 is divided by 183?
37
Calculate the remainder when 276 is divided by 73.
57
What is the remainder when 110 is divided by 49?
12
Calculate the remainder when 229 is divided by 10.
9
What is the remainder when 9076 is divided by 38?
32
What is the remainder when 302 is divided by 51?
47
Calculate the remainder when 2020 is divided by 336.
4
Calculate the remainder when 2394 is divided by 116.
74
What is t